
-1
Let r(s) = s**2 - 23*s**2 + 24*s**2 - 2 + 3*s. Suppose m - 4*m + d + 14 = 0, -5*m + 30 = -5*d. Suppose -m*h - 4*p + 10 = -6*h, -3*h = -3*p + 12. Determine r(h).
7
Let k(z) = -z**3 - 7*z**2 - 22*z - 39. Let y be k(-5). Let r(s) = 2*s**2 - 44*s + 34. Determine r(y).
-8
Let m(p) be the second derivative of -p**4/12 - p**3/3 + 9*p**2/2 + 745*p. What is m(3)?
-6
Let b = 0 - -2. Let k(g) = -4 - 2 - 2 + 8*g + g**b. Let d be 4/8*(-80 + 66). What is k(d)?
-15
Let a = 19/66 + 1/22. Let k(f) be the third derivative of -1/12*f**4 + a*f**3 + 0 + 0*f + 5*f**2. Give k(4).
-6
Let m(f) = -180 - 132*f + 91*f + 97*f - 60*f. Calculate m(-45).
0
Suppose 4*u - 4*y - 63 = u, -5*u + 131 = 2*y. Suppose -s + 9 = 2*w - 1, 4*s - 5*w = -u. Suppose s*f - 2*f = 4. Let l(a) = 2*a. What is l(f)?
-4
Suppose 58*p + 45 - 219 = 0. Let q(t) = t**2 - 6*t + 9. Let i be q(6). Let n(s) = -3 + s**2 + p + 5 + 3*s - i*s. Calculate n(5).
0
Let x(q) = 218 - 653 + 218 + 220 - q**2. Let n be (-18)/(-8) - (-6)/8. Calculate x(n).
-6
Let h(j) = -3*j - 26. Suppose 8*t + 3*v - 39 = 11*t, 0 = -2*t + 3*v - 30. Calculate h(t).
1
Let v(u) be the first derivative of -u**2 - 8*u - 5. Let r(b) = -b**2 + 22*b + 620. Let m be r(38). Calculate v(m).
-32
Let u(b) = -2*b - 1. Let h be u(4). Let d(v) be the second derivative of -8*v + 1/6*v**3 + 9/2*v**2 + 9. Determine d(h).
0
Let r(n) = n**3 - 5*n**2 - 6*n + 1. Let l = 174 + -154. Suppose -y + 4*x = -2, x - l - 5 = -4*y. Give r(y).
1
Let z(r) = -r**3 + 6*r**2 - 3*r - 5. Suppose 5*n + 19*n + 29*n - 318 = 0. Calculate z(n).
-23
Let q(g) = -g - 10. Let x be q(-14). Let t(j) = -2*j - x*j**2 - 3*j**2 + 1 + 2*j**2 + 4*j**2. Suppose -n - 8 = -2*r, n - r + 0 + 3 = 0. Give t(n).
-7
Suppose -5*w + 648 = -8*w. Let o = 224 + w. Let a(p) = p**3 - 9*p**2 + 5*p + 3. Calculate a(o).
-21
Let t = 5307 - 5304. Let o(r) = r**2 - 2*r - 6. Determine o(t).
-3
Let m(a) be the first derivative of -a**3/3 + 5*a**2 + 42*a + 2479. What is m(14)?
-14
Let w(b) = 9692*b**2 - 78*b + 7 - 9693*b**2 + 76*b. Suppose h = -3*o + 1, -3*o - 10 + 4 = 0. Determine w(h).
-56
Let u(v) = -3*v + 147092*v**2 + 3*v**3 - 147041*v**2 + 2*v - 22. Calculate u(-17).
-5
Let q(z) be the second derivative of -5*z**4/12 - 13*z**3/3 + 1844*z. Calculate q(-6).
-24
Let b = 2892 + -2886. Let p(y) = 15*y**2 - 7*y + 29. Let s(w) = 8*w**2 - 3*w + 15. Let n(d) = 6*p(d) - 11*s(d). What is n(b)?
27
Let g(b) be the second derivative of -b**5/20 + 7*b**4/6 + 5*b**3/2 - 3*b**2/2 + 41*b + 31. Give g(15).
-3
Let s(u) = -13*u**2 - 4*u - 2. Let x(y) = -14*y + 166. Let l be x(12). What is s(l)?
-46
Let i(x) = x**3 - 12*x**2 + 7*x + 48. Let u be (8 - -2) + 10/11 + 2/22. Give i(u).
4
Suppose -4*s + 2*s + 34 = 2*i, -11 = -i + 2*s. Let b(x) = -4*x - i - 18 + 0*x + 37. Suppose 1 = -3*d + 10. What is b(d)?
-8
Let d(f) = -f - 2. Suppose 4*y = 9*y - y. Suppose y = -7*i - 31 - 18. What is d(i)?
5
Let h(n) = n**3 + 20*n**2 + 17*n - 36. Let p be 42/105*(-1 + 6). Let o(z) = -z**3 - 7*z**2 + 6*z + 5. Let i be o(p). Calculate h(i).
2
Let z(o) = o**2 + 7*o + 9. Let c(j) = j**3 - 8*j**2 + 3*j - 19. Let q be c(8). Suppose -3*d - 21 + 1 = -h, -36 = q*d + h. Give z(d).
9
Suppose 10*d = 8 + 32. Let j(m) = 236*m - 243*m - 2 + 6 - 1 - 1. Determine j(d).
-26
Let d be (((-1260)/(-8))/(-7))/((-30)/40). Let q be (-3)/(d/8)*(-6 - 4). Let c(i) = -4*i + 6. Calculate c(q).
-26
Let o(h) = h**3 - 18*h**2 + 34*h + 52. Let x be o(16). Suppose -7*m + x = 35*m. Let q(a) = 2*a + 2. Give q(m).
6
Let n = -312 + 386. Suppose -n*o + 65*o - 27 = 0. Let h(z) = z**2 + 4*z + 3. Give h(o).
0
Let f(s) = -s**3 + s + 1. Suppose 0 = -3*p + 4*v + 374, 4*v = 3*p - 2*p - 114. Suppose 0 = -5*d + p - 510. Let u = d - -75. Calculate f(u).
1
Let p be (-2)/(-4)*(15 - 15). Suppose 15*b = 20*b - 5. Let a(m) = 16*m + p + b + 4 - 13*m. Calculate a(-5).
-10
Let s(a) = 12*a**2 + 42*a + 3. Let d(x) = 5*x**2 + 17*x + 1. Let o(z) = -7*d(z) + 3*s(z). What is o(-5)?
-8
Suppose -5*y - 3*h + 5 = 0, 2 = 2*y - 3*h - h. Let o(u) be the third derivative of 6*u**2 - 29*u + 1/6*u**3 - 1/30*u**5 + 0 + 7/60*u**6 + 0*u**4. Give o(y).
13
Let i(z) = -8*z + 16. Let r(b) = -b**3 - 7*b**2 - 57*b - 397. Let d be r(-7). What is i(d)?
0
Let t be 2 - (23 - 357/21). Let w(l) = 33*l + 126. What is w(t)?
-6
Suppose 4*m - 2*k + 40 = 0, -5*m - 28 = -m + k. Let s(g) = 2*g**3 + 16*g**2 + 3*g + 11. Determine s(m).
-13
Let d(w) = 11*w**3 - 17*w**2 - 11*w + 5. Let l(t) = -13*t**3 + 19*t**2 + 10*t - 8. Let a(q) = 6*d(q) + 5*l(q). Determine a(9).
8
Let d(c) = -c - 5. Let t(q) be the second derivative of -q**4/12 - q**3/6 + 15*q**2/2 - 3*q. Let o be t(8). Let s = -63 - o. Calculate d(s).
1
Let p = -136 - -132. Let g(w) = -4*w**2 - 7*w + 1. Let i(d) = -3*d**2 - 5*d. Let z(n) = p*g(n) + 5*i(n). What is z(-7)?
24
Let g(d) be the second derivative of -d**5/60 - d**4/24 - 2*d**2 + 6*d. Let w(s) be the first derivative of g(s). Let h = -120 + 116. Calculate w(h).
-12
Let z(b) be the second derivative of -9*b**2 + 0*b**3 + 0*b**4 + 21*b + 1/60*b**5 + 0. Let s(g) be the first derivative of z(g). Determine s(3).
9
Suppose 85*r - 860 = 80*r. Let v = 165 - r. Let s(y) = y + 8. Give s(v).
1
Let l = 3 - -1. Let x(p) = 2*p - 4 + 3 - l*p. Let d(o) = -858*o - 855. Let h be d(-1). Calculate x(h).
-7
Let q(y) be the third derivative of y**5/30 - 3*y**4/8 + 5*y**3/2 + 131*y**2 + 4*y. Determine q(5).
20
Let h = -511/30 - -86/5. Let c(w) be the second derivative of h*w**3 + 0 + 5*w + 3*w**2. Determine c(6).
12
Suppose 5*z + 9 = -4*z. Let k be (-12)/6 + -2 + 3 - z. Let t(d) = -d + 5. What is t(k)?
5
Let u(f) = 10*f - 6. Suppose 112 = -24*t - 56. Determine u(t).
-76
Let s(l) be the second derivative of -5*l**3/6 + l**2/2 + 446*l. Calculate s(5).
-24
Let h(g) be the first derivative of 4*g - 2*g**3 - 88 + 3/2*g**2 + 1/4*g**4. Calculate h(3).
-14
Let b(r) = 818*r + 2*r**2 + 11 - 805*r - 18. Calculate b(-8).
17
Let v = -5934 - -5962. Let n(g) = -g**2 + 30*g - 61. Give n(v).
-5
Let x(d) = -d**3 - 4*d**2 + 7*d + 4. Let y be (-102 + -6)/(6/(-3)). Let j = y + -59. Determine x(j).
-6
Let c(f) = 5*f - 1. Suppose 2*w - 54 = 56. Let x = 57 - w. Suppose 13*j + 24 + x = 0. Give c(j).
-11
Suppose -100*u - 593 = 391*u + 389. Let w(o) = o**2 - 3*o + 3. Let d(j) = 4*j**2 - 10*j + 10. Let v(l) = -3*d(l) + 10*w(l). Give v(u).
-8
Let o(q) = -124282*q - 3*q**2 + 124312*q + 35 - 40. Give o(9).
22
Let r(h) = -2*h - 11816 - 2*h + 11895. Calculate r(22).
-9
Let n(b) be the first derivative of b**4/4 + 4*b**3/3 + b**2 + 4*b - 113. Let h be -2*(-3)/(-6)*4. Determine n(h).
-4
Let z(o) = 38*o - 16*o + 7*o**2 - 11*o - 15*o - o**3 + 1. Suppose 3*h - 4*l = l - 2, -l = 2*h - 16. Give z(h).
13
Let m be (-414)/(-1035) - 76/(-10). Let k(p) = 4*p + 25. What is k(m)?
57
Let b(q) be the first derivative of -5*q**4/2 - q - 335. What is b(-1)?
9
Let h(l) = l**3 + 7*l**2 + 4*l - 7. Let b be h(-6). Let i(m) = -b - 3 + 2 + 2*m - m. What is i(5)?
-1
Let n(w) = w**2 - 7*w + 4. Suppose 0 = 3*m - 5*p - 104, 0*p + 2 = p. Suppose -20*b + m = -62. Give n(b).
-6
Let w(c) = -15*c**2 - 13 + 14*c + 45*c**3 + 21*c**2 - 14*c - 46*c**3. Determine w(4).
19
Let r(a) be the first derivative of a**4/4 - 14*a**3/3 - 8*a**2 - 17*a - 9620. What is r(15)?
-32
Let u = -245 + 238. Let x(s) = 4*s**3 + s**2 - 3*s - 4. Let y(t) = -9*t**3 - 2*t**2 + 6*t + 8. Let v(w) = u*x(w) - 3*y(w). Suppose j + 1 = -2. Give v(j).
13
Let j(h) = -10*h**3 - 4*h**2 - 2*h. Let o(v) = 5*v**2 + 14*v**3 - 3*v**2 - 9*v**3 - 3*v + 4*v. Let x(s) = -6*j(s) - 13*o(s). Calculate x(-1).
4
Suppose -3*q - 36 = 5*m, 4*m + 2169*q - 2167*q + 26 = 0. Let l(i) = 11*i + 28. What is l(m)?
-5
Suppose 3*w - 4*o = 15, 2*o - 126 = 2*w - 138. Let v(i) = -2*i**2 + 22*i - 35. Give v(w).
1
Suppose -7 = o + 7. Let n(i) = 5*i + 3. Let f(x) = x. Let m(w) = 9*w + 1. Let y(j) = -7*f(j) + m(j). Let q(t) = o*y(t) + 6*n(t). Calculate q(3).
10
Let i(y) = y + 5. Let n(j) = 43*j - 655. Let o(z) = -28*z + 436. Let u(w) = -5*n(w) - 8*o(w). Let a be u(23). Give i(a).
-1
Let k(s) = 3*s**2 - 4*s - 4. Let d = -168 - -172. Determine k(d).
28
Let h(o) = 2*o**3 + 3*o**2 + o. Let z = -60 + -26. Let u = -88 - z. Calculate h(u).
-6
Let t(x) = -x**3 - 6*x**2 - 3*x - 6. Suppose 0*d + 24 = 6*d. Suppose 3*r - d - 5 = 3*u, 0 = 3*u - 6. Let l be r/((-20)/4) + -5. Calculate t(l).
12
Let r(u